{"id":10867,"date":"2016-10-06T14:59:34","date_gmt":"2016-10-06T14:59:34","guid":{"rendered":"http:\/\/www.iconica.com.br\/site\/?page_id=10867"},"modified":"2016-10-20T16:37:32","modified_gmt":"2016-10-20T16:37:32","slug":"karina-rampazzo-persona","status":"publish","type":"page","link":"https:\/\/www.iconica.com.br\/site\/paragem\/karina-rampazzo-persona\/","title":{"rendered":"KARINA RAMPAZZO | Persona"},"content":{"rendered":"<p>[vc_row][vc_column width=&#8221;2\/3&#8243;][vc_column_text]<a href=\"https:\/\/www.iconica.com.br\/site\/wp-content\/uploads\/2016\/10\/01-2009.jpg\" data-size=\"1000x650\"><img decoding=\"async\" loading=\"lazy\" class=\"alignnone wp-image-10879\" src=\"https:\/\/www.iconica.com.br\/site\/wp-content\/uploads\/2016\/10\/01-2009-674x438.jpg\" alt=\"01-2009\" width=\"680\" height=\"442\" srcset=\"https:\/\/www.iconica.com.br\/site\/wp-content\/uploads\/2016\/10\/01-2009-674x438.jpg 674w, https:\/\/www.iconica.com.br\/site\/wp-content\/uploads\/2016\/10\/01-2009-360x234.jpg 360w, https:\/\/www.iconica.com.br\/site\/wp-content\/uploads\/2016\/10\/01-2009-768x499.jpg 768w, https:\/\/www.iconica.com.br\/site\/wp-content\/uploads\/2016\/10\/01-2009-90x60.jpg 90w, https:\/\/www.iconica.com.br\/site\/wp-content\/uploads\/2016\/10\/01-2009.jpg 1000w\" sizes=\"(max-width: 680px) 100vw, 680px\" \/><\/a><\/p>\n<p><a href=\"https:\/\/www.iconica.com.br\/site\/wp-content\/uploads\/2016\/10\/02-2010.jpg\" data-size=\"1000x650\"><img decoding=\"async\" loading=\"lazy\" class=\"alignnone wp-image-10884\" src=\"https:\/\/www.iconica.com.br\/site\/wp-content\/uploads\/2016\/10\/02-2010-674x438.jpg\" alt=\"02-2010\" width=\"680\" height=\"442\" srcset=\"https:\/\/www.iconica.com.br\/site\/wp-content\/uploads\/2016\/10\/02-2010-674x438.jpg 674w, https:\/\/www.iconica.com.br\/site\/wp-content\/uploads\/2016\/10\/02-2010-360x234.jpg 360w, https:\/\/www.iconica.com.br\/site\/wp-content\/uploads\/2016\/10\/02-2010-768x499.jpg 768w, https:\/\/www.iconica.com.br\/site\/wp-content\/uploads\/2016\/10\/02-2010-90x60.jpg 90w, https:\/\/www.iconica.com.br\/site\/wp-content\/uploads\/2016\/10\/02-2010.jpg 1000w\" sizes=\"(max-width: 680px) 100vw, 680px\" \/><\/a><\/p>\n<p><a href=\"https:\/\/www.iconica.com.br\/site\/wp-content\/uploads\/2016\/10\/03-Castelo-2011.jpg\" data-size=\"1000x650\"><img decoding=\"async\" loading=\"lazy\" class=\"alignnone wp-image-10880\" src=\"https:\/\/www.iconica.com.br\/site\/wp-content\/uploads\/2016\/10\/03-Castelo-2011-674x438.jpg\" alt=\"03-castelo-2011\" width=\"680\" height=\"442\" srcset=\"https:\/\/www.iconica.com.br\/site\/wp-content\/uploads\/2016\/10\/03-Castelo-2011-674x438.jpg 674w, https:\/\/www.iconica.com.br\/site\/wp-content\/uploads\/2016\/10\/03-Castelo-2011-360x234.jpg 360w, https:\/\/www.iconica.com.br\/site\/wp-content\/uploads\/2016\/10\/03-Castelo-2011-768x499.jpg 768w, https:\/\/www.iconica.com.br\/site\/wp-content\/uploads\/2016\/10\/03-Castelo-2011-90x60.jpg 90w, https:\/\/www.iconica.com.br\/site\/wp-content\/uploads\/2016\/10\/03-Castelo-2011.jpg 1000w\" sizes=\"(max-width: 680px) 100vw, 680px\" \/><\/a><\/p>\n<p><a href=\"https:\/\/www.iconica.com.br\/site\/wp-content\/uploads\/2016\/10\/04-2012.jpg\" data-size=\"1000x650\"><img decoding=\"async\" loading=\"lazy\" class=\"alignnone wp-image-10881\" src=\"https:\/\/www.iconica.com.br\/site\/wp-content\/uploads\/2016\/10\/04-2012-674x438.jpg\" alt=\"04-2012\" width=\"680\" height=\"442\" srcset=\"https:\/\/www.iconica.com.br\/site\/wp-content\/uploads\/2016\/10\/04-2012-674x438.jpg 674w, https:\/\/www.iconica.com.br\/site\/wp-content\/uploads\/2016\/10\/04-2012-360x234.jpg 360w, https:\/\/www.iconica.com.br\/site\/wp-content\/uploads\/2016\/10\/04-2012-768x499.jpg 768w, https:\/\/www.iconica.com.br\/site\/wp-content\/uploads\/2016\/10\/04-2012-90x60.jpg 90w, https:\/\/www.iconica.com.br\/site\/wp-content\/uploads\/2016\/10\/04-2012.jpg 1000w\" sizes=\"(max-width: 680px) 100vw, 680px\" \/><\/a><\/p>\n<p><a href=\"https:\/\/www.iconica.com.br\/site\/wp-content\/uploads\/2016\/10\/07-2013.jpg\" data-size=\"1000x650\"><img decoding=\"async\" loading=\"lazy\" class=\"alignnone wp-image-10871\" src=\"https:\/\/www.iconica.com.br\/site\/wp-content\/uploads\/2016\/10\/07-2013-674x438.jpg\" alt=\"07-2013\" width=\"680\" height=\"442\" srcset=\"https:\/\/www.iconica.com.br\/site\/wp-content\/uploads\/2016\/10\/07-2013-674x438.jpg 674w, https:\/\/www.iconica.com.br\/site\/wp-content\/uploads\/2016\/10\/07-2013-360x234.jpg 360w, https:\/\/www.iconica.com.br\/site\/wp-content\/uploads\/2016\/10\/07-2013-768x499.jpg 768w, https:\/\/www.iconica.com.br\/site\/wp-content\/uploads\/2016\/10\/07-2013-90x60.jpg 90w, https:\/\/www.iconica.com.br\/site\/wp-content\/uploads\/2016\/10\/07-2013.jpg 1000w\" sizes=\"(max-width: 680px) 100vw, 680px\" \/><\/a><\/p>\n<p><a href=\"https:\/\/www.iconica.com.br\/site\/wp-content\/uploads\/2016\/10\/08-2014.jpg\" data-size=\"1000x650\"><img decoding=\"async\" loading=\"lazy\" class=\"alignnone wp-image-10874\" src=\"https:\/\/www.iconica.com.br\/site\/wp-content\/uploads\/2016\/10\/08-2014-674x438.jpg\" alt=\"08-2014\" width=\"680\" height=\"442\" srcset=\"https:\/\/www.iconica.com.br\/site\/wp-content\/uploads\/2016\/10\/08-2014-674x438.jpg 674w, https:\/\/www.iconica.com.br\/site\/wp-content\/uploads\/2016\/10\/08-2014-360x234.jpg 360w, https:\/\/www.iconica.com.br\/site\/wp-content\/uploads\/2016\/10\/08-2014-768x499.jpg 768w, https:\/\/www.iconica.com.br\/site\/wp-content\/uploads\/2016\/10\/08-2014-90x60.jpg 90w, https:\/\/www.iconica.com.br\/site\/wp-content\/uploads\/2016\/10\/08-2014.jpg 1000w\" sizes=\"(max-width: 680px) 100vw, 680px\" \/><\/a><\/p>\n<p><a href=\"https:\/\/www.iconica.com.br\/site\/wp-content\/uploads\/2016\/10\/2016-06.jpg\" data-size=\"1000x650\"><img decoding=\"async\" loading=\"lazy\" class=\"alignnone wp-image-10875\" src=\"https:\/\/www.iconica.com.br\/site\/wp-content\/uploads\/2016\/10\/2016-06-674x438.jpg\" alt=\"2016-06\" width=\"680\" height=\"442\" srcset=\"https:\/\/www.iconica.com.br\/site\/wp-content\/uploads\/2016\/10\/2016-06-674x438.jpg 674w, https:\/\/www.iconica.com.br\/site\/wp-content\/uploads\/2016\/10\/2016-06-360x234.jpg 360w, https:\/\/www.iconica.com.br\/site\/wp-content\/uploads\/2016\/10\/2016-06-768x499.jpg 768w, https:\/\/www.iconica.com.br\/site\/wp-content\/uploads\/2016\/10\/2016-06-90x60.jpg 90w, https:\/\/www.iconica.com.br\/site\/wp-content\/uploads\/2016\/10\/2016-06.jpg 1000w\" sizes=\"(max-width: 680px) 100vw, 680px\" \/><\/a>[\/vc_column_text][vc_empty_space height=&#8221;50px&#8221;][vc_column_text]<\/p>\n<h5><em>Persona \u00e9 o exerc\u00edcio cont\u00ednuo que Karina Rampazzo faz de pensar como retrato os rastros humanos deixado na paisagem. O ritual que se estabelece \u00e9 despretensioso:\u00a0 uma c\u00e2mera amadora (\u00e0s vezes, uma c\u00e2mera de brinquedo) sempre ao alcance da m\u00e3o; a disponibilidade para um encontro que pode ocorrer independentemente da busca; JPGs quase esquecidos num HD ou, ent\u00e3o, um filme que deve esperar mais de um ano para ser revelado.<\/em><\/h5>\n<h5><em><span class=\"s1\">O cronograma do Paragem\u00a0perturba o tempo lento desse exerc\u00edcio, apressa\u00a0a\u00a0revisita aos arquivos e os cliques que faltam para que o filme seja revelado. Essas imagens precipitadas n\u00e3o s\u00e3o por si mesmas nem melhores nem piores, mas est\u00e3o fora do tempo que\u00a0os encontros demandam. O trabalho reencontra\u00a0seu verdadeiro rumo com um novo filme na c\u00e2mera que permite retomar a disponibilidade e a espera. Uma parte significativa do trabalho estar\u00e1 sempre ali, latente.<\/span><\/em><\/h5>\n<p>[\/vc_column_text][vc_empty_space height=&#8221;50px&#8221;][\/vc_column][vc_column width=&#8221;1\/3&#8243; css=&#8221;.vc_custom_1464639266815{margin-right: 5px !important;margin-left: -5px !important;}&#8221;][vc_row_inner][vc_column_inner][vc_single_image image=&#8221;9914&#8243; img_size=&#8221;medium&#8221;][vc_column_text]<\/p>\n<h5 class=\"p1\"><strong>PERSONA<\/strong><\/h5>\n<h5 class=\"p1\"><span class=\"s1\">A tradi\u00e7\u00e3o da paisagem na pintura quase sempre exclui a figura humana. \u00c9 preciso que nos retiremos da cena, que imaginemos\u00a0uma natureza anterior \u00e0 nossa exist\u00eancia, para enxergar o modo hostil ou generoso como ela\u00a0nos aguarda. A paisagem \u00e9, portanto, um espa\u00e7o no qual o ser humano se expressa, paradoxalmente, inscrevendo nele sua aus\u00eancia. Hoje, quando as\u00a0marcas que deixamos pelo caminho j\u00e1\u00a0n\u00e3o podem ser ocultadas, essa aus\u00eancia imp\u00f5e outra leitura. N\u00e3o se trata mais da nostalgia de uma origem, mas da fantasia de uma desapari\u00e7\u00e3o. Testamos na paisagem a possibilidade de restar de n\u00f3s uma mem\u00f3ria, de que nosso gesto e nosso rosto se fa\u00e7a presente, ainda\u00a0que sob a forma\u00a0de\u00a0ru\u00ednas. A perspectiva se inverte mas, de uma forma ou de outra, o g\u00eanero paisagem nunca esconde totalmente suas camadas de retrato.<\/span><\/h5>\n<h5 class=\"p1\"><span class=\"s1\">Buscar o ser humano na paisagem em que ele n\u00e3o est\u00e1\u00a0exige vasculhar n\u00e3o apenas o espa\u00e7o, mas tamb\u00e9m o tempo: ele se revela na imagina\u00e7\u00e3o desse momento preciso em que estamos prestes a chegar ou, ent\u00e3o, em que acabamos de partir. Essas imagens s\u00e3o o resultado de uma explora\u00e7\u00e3o de terreno, mas tamb\u00e9m de uma espera que n\u00e3o se pode apressar. H\u00e1 um lugar e uma hora precisa em que a aus\u00eancia e a presen\u00e7a humana se entrev\u00eaem e se mimetizam [Ronaldo Entler].<\/span><\/h5>\n<p>[\/vc_column_text][vc_empty_space height=&#8221;80px&#8221;][vc_column_text]<\/p>\n<h5 class=\"p1\"><strong>Karina Rampazzo<\/strong> \u00e9 designer e\u00a0artista visual. Trabalha entre os suportes anal\u00f3gicos e\u00a0digitais, explorando\u00a0os acidentes\u00a0criados por dispositivos\u00a0fotogr\u00e1ficos amadores. Graduada em Programa\u00e7\u00e3o Visual (Unopar), p\u00f3s-graduada em\u00a0Fotografia (UEL) e mestre em Comunica\u00e7\u00e3o (UEL). \u00a0\u00c9 professora no curso de Comunica\u00e7\u00e3o Social da\u00a0Faculdade Pit\u00e1goras de Londrina.<\/h5>\n<p>[\/vc_column_text][\/vc_column_inner][\/vc_row_inner][\/vc_column][\/vc_row][vc_row][vc_column width=&#8221;2\/6&#8243;][vc_column_text]<\/p>\n<h6 style=\"text-align: left;\">(&#8230;)<br \/>\n___<br \/>\nNeste momento um rolo de filme est\u00e1 dentro da c\u00e2mera. N\u00e3o lembro qual ISO, talvez um 200. Isso n\u00e3o importa, como tamb\u00e9m n\u00e3o importa em qual c\u00e2mera est\u00e1. Esquecer estas tarefas t\u00e9cnicas faz da imagem latente algo ainda mais independente de mim. Considerando que estas a\u00e7\u00f5es s\u00e3o propositais e conscientes, jogo com o desconhecido na tentativa de descontrolar minhas inten\u00e7\u00f5es.<br \/>\n___<br \/>\nDessa vez sa\u00ed com a c\u00e2mera para fotografar especificamente para o Persona . Nunca tinha feito isso antes, programar minha sa\u00edda para um \u00fanico projeto.<br \/>\n___<br \/>\nFotografei meu filho no mesmo filme.<br \/>\n___<br \/>\nObservo os detalhes das paisagens por onde passo. Estes dias t\u00eam sido de ca\u00e7ada. N\u00e3o viajei para lugar algum, fiquei em minha cidade. Descobri\/Conheci muitas personalidades escondidas.<br \/>\n___<br \/>\nNo tr\u00e2nsito, dentro do carro, fotografo um muro com uma abertura circular. Atr\u00e1s da abertura, vegeta\u00e7\u00e3o. Talvez a fotografia fique tr\u00eamula. Conheci uma pessoa que sempre mentia. Um dia ela esqueceu de mentir e percebi um desapontamento discreto. Um suspiro.<br \/>\n____<br \/>\nQuando me refiro \u00e0 paisagem me refiro \u00e0 personalidade das pessoas.<br \/>\n____<br \/>\nS\u00e1bado. Encontrei uma pilha de telhas ou tijolos em frente \u00e0 uma casa.<br \/>\n____<br \/>\nPassei por um rua cheia de \u00e1rvores, n\u00e3o encontrei ningu\u00e9m.<br \/>\n____<br \/>\nOnde ser\u00e1 que encontro uma fogueira?<br \/>\n____<br \/>\nProcuro por um prego fincado em um tronco de \u00e1rvore.<br \/>\n___<br \/>\nN\u00e3o encontrei fogueira nem o prego. Terminei o filme, est\u00e1 na revela\u00e7\u00e3o.<br \/>\n____<br \/>\nMe perguntam porque ainda uso c\u00e2mera anal\u00f3gica. O tempo de espera faz parte da maneira como concebo as imagens. Alguns projetos s\u00e3o fotografados digitalmente e esquecidos em uma pasta no computador. Fotografar \u00e9 instigante de qualquer maneira. Mas a rela\u00e7\u00e3o f\u00edsica com a fotografia permite, al\u00e9m do fetiche, um reencontro.<br \/>\n____<br \/>\nPersona \u00e9 um projeto que deve continuar.<br \/>\n(&#8230;)<\/h6>\n<p>[\/vc_column_text][vc_column_text][\/vc_column_text][\/vc_column][vc_column width=&#8221;1\/6&#8243;][\/vc_column][vc_column width=&#8221;2\/6&#8243;][vc_column_text]<a href=\"https:\/\/www.iconica.com.br\/site\/wp-content\/uploads\/2016\/10\/05-2012-1.jpg\" data-size=\"1000x650\"><img decoding=\"async\" loading=\"lazy\" class=\"alignnone wp-image-10905\" src=\"https:\/\/www.iconica.com.br\/site\/wp-content\/uploads\/2016\/10\/05-2012-1-674x438.jpg\" alt=\"05-2012\" width=\"400\" height=\"260\" srcset=\"https:\/\/www.iconica.com.br\/site\/wp-content\/uploads\/2016\/10\/05-2012-1-674x438.jpg 674w, https:\/\/www.iconica.com.br\/site\/wp-content\/uploads\/2016\/10\/05-2012-1-360x234.jpg 360w, https:\/\/www.iconica.com.br\/site\/wp-content\/uploads\/2016\/10\/05-2012-1-768x499.jpg 768w, https:\/\/www.iconica.com.br\/site\/wp-content\/uploads\/2016\/10\/05-2012-1-90x60.jpg 90w, https:\/\/www.iconica.com.br\/site\/wp-content\/uploads\/2016\/10\/05-2012-1.jpg 1000w\" sizes=\"(max-width: 400px) 100vw, 400px\" \/><\/a><\/p>\n<p><a href=\"https:\/\/www.iconica.com.br\/site\/wp-content\/uploads\/2016\/10\/2016-02-1.jpg\" data-size=\"1000x650\"><img decoding=\"async\" loading=\"lazy\" class=\"alignnone wp-image-10911\" src=\"https:\/\/www.iconica.com.br\/site\/wp-content\/uploads\/2016\/10\/2016-02-1-674x438.jpg\" alt=\"2016-02\" width=\"400\" height=\"260\" srcset=\"https:\/\/www.iconica.com.br\/site\/wp-content\/uploads\/2016\/10\/2016-02-1-674x438.jpg 674w, https:\/\/www.iconica.com.br\/site\/wp-content\/uploads\/2016\/10\/2016-02-1-360x234.jpg 360w, https:\/\/www.iconica.com.br\/site\/wp-content\/uploads\/2016\/10\/2016-02-1-768x499.jpg 768w, https:\/\/www.iconica.com.br\/site\/wp-content\/uploads\/2016\/10\/2016-02-1-90x60.jpg 90w, https:\/\/www.iconica.com.br\/site\/wp-content\/uploads\/2016\/10\/2016-02-1.jpg 1000w\" sizes=\"(max-width: 400px) 100vw, 400px\" \/><\/a><\/p>\n<p><a href=\"https:\/\/www.iconica.com.br\/site\/wp-content\/uploads\/2016\/10\/09-2014-1.jpg\" data-size=\"650x1000\"><img decoding=\"async\" loading=\"lazy\" class=\"alignnone wp-image-10913\" src=\"https:\/\/www.iconica.com.br\/site\/wp-content\/uploads\/2016\/10\/09-2014-1-325x500.jpg\" alt=\"09-2014\" width=\"280\" height=\"431\" srcset=\"https:\/\/www.iconica.com.br\/site\/wp-content\/uploads\/2016\/10\/09-2014-1-325x500.jpg 325w, https:\/\/www.iconica.com.br\/site\/wp-content\/uploads\/2016\/10\/09-2014-1-585x900.jpg 585w, https:\/\/www.iconica.com.br\/site\/wp-content\/uploads\/2016\/10\/09-2014-1.jpg 650w\" sizes=\"(max-width: 280px) 100vw, 280px\" \/><\/a>[\/vc_column_text][\/vc_column][vc_column width=&#8221;1\/6&#8243;][vc_column_text]<a href=\"https:\/\/www.iconica.com.br\/site\/wp-content\/uploads\/2016\/10\/06-2012.jpg\" data-size=\"1000x650\"><img decoding=\"async\" loading=\"lazy\" class=\"alignnone wp-image-10872\" src=\"https:\/\/www.iconica.com.br\/site\/wp-content\/uploads\/2016\/10\/06-2012-360x234.jpg\" alt=\"06-2012\" width=\"145\" height=\"94\" srcset=\"https:\/\/www.iconica.com.br\/site\/wp-content\/uploads\/2016\/10\/06-2012-360x234.jpg 360w, https:\/\/www.iconica.com.br\/site\/wp-content\/uploads\/2016\/10\/06-2012-768x499.jpg 768w, https:\/\/www.iconica.com.br\/site\/wp-content\/uploads\/2016\/10\/06-2012-674x438.jpg 674w, https:\/\/www.iconica.com.br\/site\/wp-content\/uploads\/2016\/10\/06-2012.jpg 1000w\" sizes=\"(max-width: 145px) 100vw, 145px\" \/><\/a><\/p>\n<p><a href=\"https:\/\/www.iconica.com.br\/site\/wp-content\/uploads\/2016\/10\/00-2008.jpg\" data-size=\"1000x650\"><img decoding=\"async\" loading=\"lazy\" class=\"alignnone wp-image-10940\" src=\"https:\/\/www.iconica.com.br\/site\/wp-content\/uploads\/2016\/10\/00-2008-360x234.jpg\" alt=\"00-2008\" width=\"145\" height=\"94\" srcset=\"https:\/\/www.iconica.com.br\/site\/wp-content\/uploads\/2016\/10\/00-2008-360x234.jpg 360w, https:\/\/www.iconica.com.br\/site\/wp-content\/uploads\/2016\/10\/00-2008-768x499.jpg 768w, https:\/\/www.iconica.com.br\/site\/wp-content\/uploads\/2016\/10\/00-2008-674x438.jpg 674w, https:\/\/www.iconica.com.br\/site\/wp-content\/uploads\/2016\/10\/00-2008.jpg 1000w\" sizes=\"(max-width: 145px) 100vw, 145px\" \/><\/a><\/p>\n<p><a href=\"https:\/\/www.iconica.com.br\/site\/wp-content\/uploads\/2016\/10\/10-Sol-2014.jpg\" data-size=\"650x1000\"><img decoding=\"async\" loading=\"lazy\" class=\"alignnone wp-image-10877\" src=\"https:\/\/www.iconica.com.br\/site\/wp-content\/uploads\/2016\/10\/10-Sol-2014-325x500.jpg\" alt=\"10-sol-2014\" width=\"94\" height=\"145\" srcset=\"https:\/\/www.iconica.com.br\/site\/wp-content\/uploads\/2016\/10\/10-Sol-2014-325x500.jpg 325w, https:\/\/www.iconica.com.br\/site\/wp-content\/uploads\/2016\/10\/10-Sol-2014-585x900.jpg 585w, https:\/\/www.iconica.com.br\/site\/wp-content\/uploads\/2016\/10\/10-Sol-2014.jpg 650w\" sizes=\"(max-width: 94px) 100vw, 94px\" \/><\/a>[\/vc_column_text][\/vc_column][\/vc_row]<\/p>\n","protected":false},"excerpt":{"rendered":"<p>Buscar o ser humano na paisagem em que ele n\u00e3o est\u00e1 exige vasculhar n\u00e3o apenas o espa\u00e7o, mas tamb\u00e9m o tempo: ele se revela na imagina\u00e7\u00e3o desse momento preciso em que estamos prestes a chegar ou, ent\u00e3o, em que acabamos de partir. Essas imagens s\u00e3o o resultado de uma explora\u00e7\u00e3o de terreno, mas tamb\u00e9m de uma espera que n\u00e3o se pode apressar. H\u00e1 um lugar e uma hora precisa em que a aus\u00eancia e a presen\u00e7a humana se entrev\u00eaem e se mimetizam.<\/p>\n","protected":false},"author":2,"featured_media":10879,"parent":9485,"menu_order":0,"comment_status":"closed","ping_status":"closed","template":"template-fullwidth.php","meta":[],"categories":[1073],"tags":[],"_links":{"self":[{"href":"https:\/\/www.iconica.com.br\/site\/wp-json\/wp\/v2\/pages\/10867"}],"collection":[{"href":"https:\/\/www.iconica.com.br\/site\/wp-json\/wp\/v2\/pages"}],"about":[{"href":"https:\/\/www.iconica.com.br\/site\/wp-json\/wp\/v2\/types\/page"}],"author":[{"embeddable":true,"href":"https:\/\/www.iconica.com.br\/site\/wp-json\/wp\/v2\/users\/2"}],"replies":[{"embeddable":true,"href":"https:\/\/www.iconica.com.br\/site\/wp-json\/wp\/v2\/comments?post=10867"}],"version-history":[{"count":45,"href":"https:\/\/www.iconica.com.br\/site\/wp-json\/wp\/v2\/pages\/10867\/revisions"}],"predecessor-version":[{"id":10948,"href":"https:\/\/www.iconica.com.br\/site\/wp-json\/wp\/v2\/pages\/10867\/revisions\/10948"}],"up":[{"embeddable":true,"href":"https:\/\/www.iconica.com.br\/site\/wp-json\/wp\/v2\/pages\/9485"}],"wp:featuredmedia":[{"embeddable":true,"href":"https:\/\/www.iconica.com.br\/site\/wp-json\/wp\/v2\/media\/10879"}],"wp:attachment":[{"href":"https:\/\/www.iconica.com.br\/site\/wp-json\/wp\/v2\/media?parent=10867"}],"wp:term":[{"taxonomy":"category","embeddable":true,"href":"https:\/\/www.iconica.com.br\/site\/wp-json\/wp\/v2\/categories?post=10867"},{"taxonomy":"post_tag","embeddable":true,"href":"https:\/\/www.iconica.com.br\/site\/wp-json\/wp\/v2\/tags?post=10867"}],"curies":[{"name":"wp","href":"https:\/\/api.w.org\/{rel}","templated":true}]}}