{"id":10802,"date":"2016-09-09T13:41:20","date_gmt":"2016-09-09T13:41:20","guid":{"rendered":"http:\/\/www.iconica.com.br\/site\/?page_id=10802"},"modified":"2016-09-09T16:09:21","modified_gmt":"2016-09-09T16:09:21","slug":"mariana-andrade-iris","status":"publish","type":"page","link":"https:\/\/www.iconica.com.br\/site\/paragem\/mariana-andrade-iris\/","title":{"rendered":"MARIANA ANDRADE | Iris"},"content":{"rendered":"<p>[vc_row][vc_column width=&#8221;2\/3&#8243;][vc_column_text]<a href=\"https:\/\/www.iconica.com.br\/site\/wp-content\/uploads\/2016\/09\/MarianaAndrade2.jpg\" data-size=\"1000x588\"><img decoding=\"async\" loading=\"lazy\" class=\"alignnone wp-image-10806\" src=\"https:\/\/www.iconica.com.br\/site\/wp-content\/uploads\/2016\/09\/MarianaAndrade2-674x396.jpg\" alt=\"marianaandrade2\" width=\"680\" height=\"400\" srcset=\"https:\/\/www.iconica.com.br\/site\/wp-content\/uploads\/2016\/09\/MarianaAndrade2-674x396.jpg 674w, https:\/\/www.iconica.com.br\/site\/wp-content\/uploads\/2016\/09\/MarianaAndrade2-360x212.jpg 360w, https:\/\/www.iconica.com.br\/site\/wp-content\/uploads\/2016\/09\/MarianaAndrade2-768x452.jpg 768w, https:\/\/www.iconica.com.br\/site\/wp-content\/uploads\/2016\/09\/MarianaAndrade2-440x258.jpg 440w, https:\/\/www.iconica.com.br\/site\/wp-content\/uploads\/2016\/09\/MarianaAndrade2.jpg 1000w\" sizes=\"(max-width: 680px) 100vw, 680px\" \/><\/a><\/p>\n<p><a href=\"https:\/\/www.iconica.com.br\/site\/wp-content\/uploads\/2016\/09\/MarianaAndrade3.jpg\" data-size=\"1000x588\"><img decoding=\"async\" loading=\"lazy\" class=\"alignnone size-large wp-image-10807\" src=\"https:\/\/www.iconica.com.br\/site\/wp-content\/uploads\/2016\/09\/MarianaAndrade3-674x396.jpg\" alt=\"marianaandrade3\" width=\"674\" height=\"396\" srcset=\"https:\/\/www.iconica.com.br\/site\/wp-content\/uploads\/2016\/09\/MarianaAndrade3-674x396.jpg 674w, https:\/\/www.iconica.com.br\/site\/wp-content\/uploads\/2016\/09\/MarianaAndrade3-360x212.jpg 360w, https:\/\/www.iconica.com.br\/site\/wp-content\/uploads\/2016\/09\/MarianaAndrade3-768x452.jpg 768w, https:\/\/www.iconica.com.br\/site\/wp-content\/uploads\/2016\/09\/MarianaAndrade3-440x258.jpg 440w, https:\/\/www.iconica.com.br\/site\/wp-content\/uploads\/2016\/09\/MarianaAndrade3.jpg 1000w\" sizes=\"(max-width: 674px) 100vw, 674px\" \/><\/a><\/p>\n<p><a href=\"https:\/\/www.iconica.com.br\/site\/wp-content\/uploads\/2016\/09\/MarianaAndrade12.jpg\" data-size=\"1000x588\"><img decoding=\"async\" loading=\"lazy\" class=\"alignnone size-large wp-image-10816\" src=\"https:\/\/www.iconica.com.br\/site\/wp-content\/uploads\/2016\/09\/MarianaAndrade12-674x396.jpg\" alt=\"marianaandrade12\" width=\"674\" height=\"396\" srcset=\"https:\/\/www.iconica.com.br\/site\/wp-content\/uploads\/2016\/09\/MarianaAndrade12-674x396.jpg 674w, https:\/\/www.iconica.com.br\/site\/wp-content\/uploads\/2016\/09\/MarianaAndrade12-360x212.jpg 360w, https:\/\/www.iconica.com.br\/site\/wp-content\/uploads\/2016\/09\/MarianaAndrade12-768x452.jpg 768w, https:\/\/www.iconica.com.br\/site\/wp-content\/uploads\/2016\/09\/MarianaAndrade12-440x258.jpg 440w, https:\/\/www.iconica.com.br\/site\/wp-content\/uploads\/2016\/09\/MarianaAndrade12.jpg 1000w\" sizes=\"(max-width: 674px) 100vw, 674px\" \/><\/a><\/p>\n<p><a href=\"https:\/\/www.iconica.com.br\/site\/wp-content\/uploads\/2016\/09\/MarianaAndrade13.jpg\" data-size=\"1000x588\"><img decoding=\"async\" loading=\"lazy\" class=\"alignnone size-large wp-image-10817\" src=\"https:\/\/www.iconica.com.br\/site\/wp-content\/uploads\/2016\/09\/MarianaAndrade13-674x396.jpg\" alt=\"marianaandrade13\" width=\"674\" height=\"396\" srcset=\"https:\/\/www.iconica.com.br\/site\/wp-content\/uploads\/2016\/09\/MarianaAndrade13-674x396.jpg 674w, https:\/\/www.iconica.com.br\/site\/wp-content\/uploads\/2016\/09\/MarianaAndrade13-360x212.jpg 360w, https:\/\/www.iconica.com.br\/site\/wp-content\/uploads\/2016\/09\/MarianaAndrade13-768x452.jpg 768w, https:\/\/www.iconica.com.br\/site\/wp-content\/uploads\/2016\/09\/MarianaAndrade13-440x258.jpg 440w, https:\/\/www.iconica.com.br\/site\/wp-content\/uploads\/2016\/09\/MarianaAndrade13.jpg 1000w\" sizes=\"(max-width: 674px) 100vw, 674px\" \/><\/a><\/p>\n<p><a href=\"https:\/\/www.iconica.com.br\/site\/wp-content\/uploads\/2016\/09\/MarianaAndrade1.jpg\" data-size=\"1000x588\"><img decoding=\"async\" loading=\"lazy\" class=\"alignnone size-large wp-image-10805\" src=\"https:\/\/www.iconica.com.br\/site\/wp-content\/uploads\/2016\/09\/MarianaAndrade1-674x396.jpg\" alt=\"marianaandrade1\" width=\"674\" height=\"396\" srcset=\"https:\/\/www.iconica.com.br\/site\/wp-content\/uploads\/2016\/09\/MarianaAndrade1-674x396.jpg 674w, https:\/\/www.iconica.com.br\/site\/wp-content\/uploads\/2016\/09\/MarianaAndrade1-360x212.jpg 360w, https:\/\/www.iconica.com.br\/site\/wp-content\/uploads\/2016\/09\/MarianaAndrade1-768x452.jpg 768w, https:\/\/www.iconica.com.br\/site\/wp-content\/uploads\/2016\/09\/MarianaAndrade1-440x258.jpg 440w, https:\/\/www.iconica.com.br\/site\/wp-content\/uploads\/2016\/09\/MarianaAndrade1.jpg 1000w\" sizes=\"(max-width: 674px) 100vw, 674px\" \/><\/a>[\/vc_column_text][\/vc_column][vc_column width=&#8221;1\/3&#8243; css=&#8221;.vc_custom_1464639266815{margin-right: 5px !important;margin-left: -5px !important;}&#8221;][vc_row_inner][vc_column_inner][vc_single_image image=&#8221;9914&#8243; img_size=&#8221;medium&#8221;][vc_column_text]<\/p>\n<h5><strong>Iris<\/strong><\/h5>\n<h5>Depois de lan\u00e7adas ao mundo, as imagens tem vida pr\u00f3pria. Elas se desprendem de suas superf\u00edcies, fragmentam-se, transbordam sobre territ\u00f3rios alheios, contaminam-se entre si e, quando parecem definitivamente dissolvidas, seus res\u00edduos ainda se mostram vivos, compondo ent\u00e3o um imagin\u00e1rio menos palp\u00e1vel, mas que \u00e9 capaz de realimentar esse ciclo. Quando\u00a0todas as imagens se tornam dispon\u00edveis e se atiram sobre nossos olhares, \u00e9 preciso esquec\u00ea-las muito rapidamente para que as imagens subsequentes pare\u00e7am portar algo de novo. Esse \u00e9 o momento em que a arte, mais do que alimentar a nostalgia de uma originalidade perdida, sente-se convocada a produzir uma arqueologia desses acontecimentos ef\u00eameros da cultura para e investir neles um pouco de pregn\u00e2ncia, uma possibilidade de sobreviv\u00eancia. Deter por instantes o fluxo das imagens, segur\u00e1-las delicadamente entre os dedos enquanto elas atravessam pelo olhar, deixar que elas se combinem e se reinventem, para logo em seguida devolv\u00ea-las ao mundo \u2013 gestos simples que em outros tempos n\u00e3o ousar\u00edamos chamar de cria\u00e7\u00e3o \u2013 tornam-se agora uma interven\u00e7\u00e3o cr\u00edtica poderosa.<\/h5>\n<h5><em>\u00cdris<\/em> \u00e9 o mecanismo que permite \u00e0 vis\u00e3o se adaptar a luminosidade das coisas. Mas \u00e9 tamb\u00e9m uma entidade feminina inventada a partir de personagens de filmes de Almodovar, de Sofia Coppola e de Jean-Pierre Jeunet. A narrativa visual que Mariana Andrade constr\u00f3i a partir da mem\u00f3ria desses filmes toma forma em experimentos com tinta acr\u00edlica e pl\u00e1stico, fotografias de alimentos, colagens com interven\u00e7\u00e3o de aquarela e risografia. O resultado pode ser encontrados na forma de <em>zine<\/em> em diversas feiras de arte impressa ou como lambe-lambes colados nas paredes da cidade.<\/h5>\n<h5>[Ronaldo Entler]<\/h5>\n<h5><\/h5>\n<p>[\/vc_column_text][vc_empty_space][vc_column_text]<\/p>\n<h5><strong>Mariana Andrade<\/strong> \u00e9 bacharel em Design pela ESPM. Como artista visual e designer, utiliza as linguagens est\u00e9ticas e gr\u00e1ficas a favor da constru\u00e7\u00e3o e desconstru\u00e7\u00e3o de imagens pertencentes \u00e0 cultura de massa e o valor da mulher na sociedade contempor\u00e2nea, em trabalhos que foram mostrados em diversas exposi\u00e7\u00f5es individuais e coletivas no Brasil e na Espanha. Com o seu trabalho <em>\u00cdris<\/em> tamb\u00e9m participou do F\u00f3rum AWID 2016 \u2013 for\u00fam internacional ativista pela defesa dos direitos das mulheres e justi\u00e7a social. Atualmente, vive em S\u00e3o Paulo e \u00e9 respons\u00e1vel pelo selo independente <em>\u00cdris Editora<\/em>, participando continuamente de feiras de arte impressa pelo Brasil afora.<\/h5>\n<h5>Site:\u00a0<a href=\"http:\/\/cargocollective.com\/iriseditora\">http:\/\/cargocollective.com\/iriseditora<\/a><\/h5>\n<p>[\/vc_column_text][\/vc_column_inner][\/vc_row_inner][\/vc_column][\/vc_row][vc_row][vc_column width=&#8221;1\/2&#8243;][vc_column_text]<a href=\"https:\/\/www.iconica.com.br\/site\/wp-content\/uploads\/2016\/09\/MarianaAndrade4.jpg\" data-size=\"971x1000\"><img decoding=\"async\" loading=\"lazy\" class=\"alignnone size-large wp-image-10808\" src=\"https:\/\/www.iconica.com.br\/site\/wp-content\/uploads\/2016\/09\/MarianaAndrade4-674x694.jpg\" alt=\"marianaandrade4\" width=\"674\" height=\"694\" srcset=\"https:\/\/www.iconica.com.br\/site\/wp-content\/uploads\/2016\/09\/MarianaAndrade4-674x694.jpg 674w, https:\/\/www.iconica.com.br\/site\/wp-content\/uploads\/2016\/09\/MarianaAndrade4-360x371.jpg 360w, https:\/\/www.iconica.com.br\/site\/wp-content\/uploads\/2016\/09\/MarianaAndrade4-768x791.jpg 768w, https:\/\/www.iconica.com.br\/site\/wp-content\/uploads\/2016\/09\/MarianaAndrade4.jpg 971w\" sizes=\"(max-width: 674px) 100vw, 674px\" \/><\/a><\/p>\n<p><a href=\"https:\/\/www.iconica.com.br\/site\/wp-content\/uploads\/2016\/09\/MarianaAndrade6.jpg\" data-size=\"971x1000\"><img decoding=\"async\" loading=\"lazy\" class=\"alignnone size-large wp-image-10810\" src=\"https:\/\/www.iconica.com.br\/site\/wp-content\/uploads\/2016\/09\/MarianaAndrade6-674x694.jpg\" alt=\"marianaandrade6\" width=\"674\" height=\"694\" srcset=\"https:\/\/www.iconica.com.br\/site\/wp-content\/uploads\/2016\/09\/MarianaAndrade6-674x694.jpg 674w, https:\/\/www.iconica.com.br\/site\/wp-content\/uploads\/2016\/09\/MarianaAndrade6-360x371.jpg 360w, https:\/\/www.iconica.com.br\/site\/wp-content\/uploads\/2016\/09\/MarianaAndrade6-768x791.jpg 768w, https:\/\/www.iconica.com.br\/site\/wp-content\/uploads\/2016\/09\/MarianaAndrade6.jpg 971w\" sizes=\"(max-width: 674px) 100vw, 674px\" \/><\/a>[\/vc_column_text][\/vc_column][vc_column width=&#8221;1\/2&#8243;][vc_column_text]<a href=\"https:\/\/www.iconica.com.br\/site\/wp-content\/uploads\/2016\/09\/MarianaAndrade5.jpg\" data-size=\"971x1000\"><img decoding=\"async\" loading=\"lazy\" class=\"alignnone size-large wp-image-10809\" src=\"https:\/\/www.iconica.com.br\/site\/wp-content\/uploads\/2016\/09\/MarianaAndrade5-674x694.jpg\" alt=\"marianaandrade5\" width=\"674\" height=\"694\" srcset=\"https:\/\/www.iconica.com.br\/site\/wp-content\/uploads\/2016\/09\/MarianaAndrade5-674x694.jpg 674w, https:\/\/www.iconica.com.br\/site\/wp-content\/uploads\/2016\/09\/MarianaAndrade5-360x371.jpg 360w, https:\/\/www.iconica.com.br\/site\/wp-content\/uploads\/2016\/09\/MarianaAndrade5-768x791.jpg 768w, https:\/\/www.iconica.com.br\/site\/wp-content\/uploads\/2016\/09\/MarianaAndrade5.jpg 971w\" sizes=\"(max-width: 674px) 100vw, 674px\" \/><\/a><\/p>\n<p><a href=\"https:\/\/www.iconica.com.br\/site\/wp-content\/uploads\/2016\/09\/MarianaAndrade7.jpg\" data-size=\"971x1000\"><img decoding=\"async\" loading=\"lazy\" class=\"alignnone size-large wp-image-10811\" src=\"https:\/\/www.iconica.com.br\/site\/wp-content\/uploads\/2016\/09\/MarianaAndrade7-674x694.jpg\" alt=\"marianaandrade7\" width=\"674\" height=\"694\" srcset=\"https:\/\/www.iconica.com.br\/site\/wp-content\/uploads\/2016\/09\/MarianaAndrade7-674x694.jpg 674w, https:\/\/www.iconica.com.br\/site\/wp-content\/uploads\/2016\/09\/MarianaAndrade7-360x371.jpg 360w, https:\/\/www.iconica.com.br\/site\/wp-content\/uploads\/2016\/09\/MarianaAndrade7-768x791.jpg 768w, https:\/\/www.iconica.com.br\/site\/wp-content\/uploads\/2016\/09\/MarianaAndrade7.jpg 971w\" sizes=\"(max-width: 674px) 100vw, 674px\" \/><\/a>[\/vc_column_text][\/vc_column][\/vc_row][vc_row][vc_column width=&#8221;5\/6&#8243;][vc_column_text]<a href=\"https:\/\/www.iconica.com.br\/site\/wp-content\/uploads\/2016\/09\/MarianaAndrade8.jpg\" data-size=\"1000x588\"><img decoding=\"async\" loading=\"lazy\" class=\"alignnone wp-image-10812\" src=\"https:\/\/www.iconica.com.br\/site\/wp-content\/uploads\/2016\/09\/MarianaAndrade8-674x396.jpg\" alt=\"marianaandrade8\" width=\"850\" height=\"500\" srcset=\"https:\/\/www.iconica.com.br\/site\/wp-content\/uploads\/2016\/09\/MarianaAndrade8-674x396.jpg 674w, https:\/\/www.iconica.com.br\/site\/wp-content\/uploads\/2016\/09\/MarianaAndrade8-360x212.jpg 360w, https:\/\/www.iconica.com.br\/site\/wp-content\/uploads\/2016\/09\/MarianaAndrade8-768x452.jpg 768w, https:\/\/www.iconica.com.br\/site\/wp-content\/uploads\/2016\/09\/MarianaAndrade8-440x258.jpg 440w, https:\/\/www.iconica.com.br\/site\/wp-content\/uploads\/2016\/09\/MarianaAndrade8.jpg 1000w\" sizes=\"(max-width: 850px) 100vw, 850px\" \/><\/a><\/p>\n<p><a href=\"https:\/\/www.iconica.com.br\/site\/wp-content\/uploads\/2016\/09\/MarianaAndrade9.jpg\" data-size=\"1000x748\"><img decoding=\"async\" loading=\"lazy\" class=\"alignnone wp-image-10813\" src=\"https:\/\/www.iconica.com.br\/site\/wp-content\/uploads\/2016\/09\/MarianaAndrade9-674x504.jpg\" alt=\"marianaandrade9\" width=\"850\" height=\"636\" srcset=\"https:\/\/www.iconica.com.br\/site\/wp-content\/uploads\/2016\/09\/MarianaAndrade9-674x504.jpg 674w, https:\/\/www.iconica.com.br\/site\/wp-content\/uploads\/2016\/09\/MarianaAndrade9-360x269.jpg 360w, https:\/\/www.iconica.com.br\/site\/wp-content\/uploads\/2016\/09\/MarianaAndrade9-768x574.jpg 768w, https:\/\/www.iconica.com.br\/site\/wp-content\/uploads\/2016\/09\/MarianaAndrade9.jpg 1000w\" sizes=\"(max-width: 850px) 100vw, 850px\" \/><\/a><\/p>\n<p><a href=\"https:\/\/www.iconica.com.br\/site\/wp-content\/uploads\/2016\/09\/MarianaAndrade10.jpg\" data-size=\"850x588\"><img decoding=\"async\" loading=\"lazy\" class=\"alignnone wp-image-10814\" src=\"https:\/\/www.iconica.com.br\/site\/wp-content\/uploads\/2016\/09\/MarianaAndrade10-674x466.jpg\" alt=\"marianaandrade10\" width=\"850\" height=\"588\" srcset=\"https:\/\/www.iconica.com.br\/site\/wp-content\/uploads\/2016\/09\/MarianaAndrade10-674x466.jpg 674w, https:\/\/www.iconica.com.br\/site\/wp-content\/uploads\/2016\/09\/MarianaAndrade10-360x249.jpg 360w, https:\/\/www.iconica.com.br\/site\/wp-content\/uploads\/2016\/09\/MarianaAndrade10-768x531.jpg 768w, https:\/\/www.iconica.com.br\/site\/wp-content\/uploads\/2016\/09\/MarianaAndrade10.jpg 850w\" sizes=\"(max-width: 850px) 100vw, 850px\" \/><\/a>[\/vc_column_text][\/vc_column][vc_column width=&#8221;1\/6&#8243;][\/vc_column][\/vc_row]<\/p>\n","protected":false},"excerpt":{"rendered":"<p>Quando todas as imagens se tornam dispon\u00edveis e se atiram sobre nossos olhares, \u00e9 preciso esquec\u00ea-las muito rapidamente para que as imagens subsequentes pare\u00e7am portar algo de novo. Esse \u00e9 o momento em que a arte, mais do que alimentar a nostalgia de uma originalidade perdida, sente-se convocada a produzir uma arqueologia desses acontecimentos ef\u00eameros da cultura para e investir neles um pouco de pregn\u00e2ncia, uma possibilidade de sobreviv\u00eancia. <\/p>\n","protected":false},"author":2,"featured_media":10817,"parent":9485,"menu_order":0,"comment_status":"closed","ping_status":"closed","template":"template-fullwidth.php","meta":[],"categories":[1073],"tags":[],"_links":{"self":[{"href":"https:\/\/www.iconica.com.br\/site\/wp-json\/wp\/v2\/pages\/10802"}],"collection":[{"href":"https:\/\/www.iconica.com.br\/site\/wp-json\/wp\/v2\/pages"}],"about":[{"href":"https:\/\/www.iconica.com.br\/site\/wp-json\/wp\/v2\/types\/page"}],"author":[{"embeddable":true,"href":"https:\/\/www.iconica.com.br\/site\/wp-json\/wp\/v2\/users\/2"}],"replies":[{"embeddable":true,"href":"https:\/\/www.iconica.com.br\/site\/wp-json\/wp\/v2\/comments?post=10802"}],"version-history":[{"count":37,"href":"https:\/\/www.iconica.com.br\/site\/wp-json\/wp\/v2\/pages\/10802\/revisions"}],"predecessor-version":[{"id":10853,"href":"https:\/\/www.iconica.com.br\/site\/wp-json\/wp\/v2\/pages\/10802\/revisions\/10853"}],"up":[{"embeddable":true,"href":"https:\/\/www.iconica.com.br\/site\/wp-json\/wp\/v2\/pages\/9485"}],"wp:featuredmedia":[{"embeddable":true,"href":"https:\/\/www.iconica.com.br\/site\/wp-json\/wp\/v2\/media\/10817"}],"wp:attachment":[{"href":"https:\/\/www.iconica.com.br\/site\/wp-json\/wp\/v2\/media?parent=10802"}],"wp:term":[{"taxonomy":"category","embeddable":true,"href":"https:\/\/www.iconica.com.br\/site\/wp-json\/wp\/v2\/categories?post=10802"},{"taxonomy":"post_tag","embeddable":true,"href":"https:\/\/www.iconica.com.br\/site\/wp-json\/wp\/v2\/tags?post=10802"}],"curies":[{"name":"wp","href":"https:\/\/api.w.org\/{rel}","templated":true}]}}